{"id":1585,"date":"2020-01-17T14:08:40","date_gmt":"2020-01-17T13:08:40","guid":{"rendered":"https:\/\/pohltherapie-freiburg.de\/?post_type=ajde_events&#038;p=1585"},"modified":"2020-04-20T16:59:51","modified_gmt":"2020-04-20T14:59:51","slug":"der-kopf-und-seine-beschwerden-teil-1","status":"publish","type":"ajde_events","link":"https:\/\/pohltherapie-freiburg.de\/en\/events\/der-kopf-und-seine-beschwerden-teil-1\/","title":{"rendered":"Der Kopf und seine Beschwerden, Teil 1 (CORONA-CANCELLED!)"},"content":{"rendered":"<h1><strong>Der Kopf und seine Beschwerden, Teil 1<\/strong><\/h1>\n<h2><strong>Kiefer und Nase<\/strong><\/h2>\n<p>\u201eDer Kiefer, die Wurzel allen \u00dcbels\u201c. Der Kiefer wurde in den letzten Jahren gerne mal als einer der Hauptverursacher f\u00fcr alle m\u00f6glichen k\u00f6rperlichen Leiden identifiziert bzw. verantwortlich gemacht. Die Erfahrung zeigt, dass dies manchmal stimmen mag, allerdings genauso oft nicht. Oftmals sind die Kieferverspannungen ganz unabh\u00e4ngig von den anderen Leiden vorhanden und tragen lediglich zur Gesamtverspannung des Menschen bei, sind aber nicht wichtiger oder unwichtiger als die anderen.<\/p>\n<p>Allerdings stimmt es, dass sehr viele Menschen mit verspanntem Kiefer herumlaufen. Viele wissen es und merken es bspw. daran, dass sie nachts knirschen und die Z\u00e4hne abreiben und deshalb eine Schiene tragen m\u00fcssen. Die Bundeszahn\u00e4rztekammer hat darauf hingewiesen, dass Z\u00e4hneknirschen (Bruxismus) in der Bev\u00f6lkerung zunimmt. Das stellt man besonders bei den 35- bis 45-J\u00e4hrigen fest, darunter vor allem bei Frauen.<\/p>\n<p>Manche merken es auch an unerkl\u00e4rlichen Zahnschmerzen, wobei die Zahn\u00e4rzte keine Karies, Parodontose oder \u00e4hnliches finden k\u00f6nnen. Wieder andere haben laute Knirsch- und Knackkger\u00e4usche im Kiefergelenk. Beim gesunden Kiefergelenk gleitet der Gelenkkopf in einer Gelenkpfanne mit einem sich mitbewegenden Polster (Diskus). Doch starke Verspannungen engen den Bewegungsspielraum des Kiefergelenks ein. Folge: Der Diskus verlagert sich ebenfalls, oft h\u00f6rbar an Knack- und Reibeger\u00e4uschen.<\/p>\n<p>Manche haben aus gleichem Grund Schmerzen bei der Bewegung oder ganz allgemein ein Gef\u00fchl von Anspannung. Oftmals fingen die Beschwerden nach einer sehr stressigen Lebensphase an oder nach einer langwierigen Zahn-OP. F\u00fcr nicht wenige gehen mit der Kieferverspannung auch Schwindel, ein Tinnitus oder \u00e4hnliche Ohrbeschwerden einher. Dies h\u00e4ngt mir der neuromuskul\u00e4ren N\u00e4he der Kau- und der Ohrmuskeln sowie der direkten Verbindung des Kiefergelenks mit der Wirbels\u00e4ule und den Halswirbeln zusammen.<\/p>\n<p>An all diese Menschen richtet sich diese Somatic Unit. In diesem Kurs gehen wir den Ursachen f\u00fcr Kieferverspannungen nach und erlernen eine Reihe von einfachen und m\u00fchelosen \u00dcbungen und Selbstbehandlungen mit und ohne Ger\u00e4te, um Erleichterung und mehr Freiheit in den Kiefer zu bekommen. Die \u00dcbungen sind leicht zu merken und lassen sich angenehm zuhause durchf\u00fchren*. Der Kurs findet haupts\u00e4chlich auf Matten, also im Liegen und Sitzen statt. Da hierbei absolut\u00a0<strong>nicht<\/strong> auf Kr\u00e4ftigung oder Dehnung gesetzt wird, kann wirklich jeder diese \u00dcbungen und Selbstbehandlungen lernen und am Kurs teilnehmen. Vorerfahrung ist nicht n\u00f6tig.<\/p>\n<p>* Wie immer gibt es zum Seminar ein Handout!<\/p>\n<p>Mehr Infos zum Thema finden Sie auf der Seite von Frau Dr. Pohl, z.B. hier:\u00a0<a href=\"https:\/\/koerpertherapie-zentrum.de\/behandelbare-beschwerden\/kopf\/kieferbeschwerden.html\">https:\/\/koerpertherapie-zentrum.de\/behandelbare-beschwerden\/kopf\/kieferbeschwerden.html<\/a><\/p>\n<p>und hier:\u00a0<a href=\"https:\/\/koerpertherapie-zentrum.de\/behandelbare-beschwerden\/kopf\/nasen-und-nebenhoehlenbeschwerden.html\">https:\/\/koerpertherapie-zentrum.de\/behandelbare-beschwerden\/kopf\/nasen-und-nebenhoehlenbeschwerden.html<\/a><\/p>\n<p>Es empfiehlt sich, dicke (Stopper-)Socken, bei Bedarf ein kleines Kissen (falls man nicht gut flach auf dem Boden liegen kann) eine Thermoskanne mit Tee o.\u00e4. und ein Handtuch mitzubringen, das man auf die Matte legen kann.<\/p>\n<p><strong>Ort<\/strong>: Seminarraum Loretto in der Baslerstrasse 42, 79100 Freiburg. Parkpl\u00e4tze sind in den umliegenden Stra\u00dfen zu finden. Mit \u00f6ffentlichen Verkehrsmitteln kann man zum Loretto bis 80m vor den Seminarraum fahren mit der Stra\u00dfenbahn Linie 5, Haltestelle \u201eReiterstra\u00dfe\u201c.<\/p>\n<p><strong>Kosten<\/strong> betragen f\u00fcr diesen 90-min\u00fctigen Kurs 25 Euro (in bar mitzubringen). Bei Buchung beider Kurse an einem Tag sind es nur 45 Euro.*<\/p>\n<p>Die <strong>Anmeldung<\/strong> zu diesem Seminar erfolgt \u00fcber das <strong><a href=\"https:\/\/pohltherapie-freiburg.de\/aktuelles\/anmeldung-fuer-die-kurse-somatic-units\/\" target=\"_blank\" rel=\"noopener noreferrer\">Kontaktformular (HIER klicken)<\/a><\/strong> oder per E-Mail an kontakt@smkt-freiburg.de oder telefonisch unter 0761-45892412. Es gibt nochmals eine gesonderte Einladung per E-Mail ca. 2-3 Wochen vorher. Falls Sie noch nicht im E-Mail-Verteiler sind, schreiben Sie eine Mail an kontakt@smkt-freiburg.de und bitten um Aufnahme.<\/p>\n<p>Mindestteilnehmerzahl ist 8, maximal 25. Anmeldung bitte bis 2 Wochen vorher (sp\u00e4ter bei gen\u00fcgend Pl\u00e4tzen aber auch problemlos m\u00f6glich!).<\/p>\n<p>*Es besteht die M\u00f6glichkeit f\u00fcr\u00a0<strong>Privatversicherte<\/strong>\u00a0sowie Teilnehmer_innen mit einer\u00a0<strong>Zusatzversicherung<\/strong> f\u00fcr alternative Heilverfahren \/ Heilpraktiker, eine Rechnung nach der Geb\u00fchrenordnung f\u00fcr Heilpraktiker (Geb\u00fcH) zu bekommen. Bitte sprechen Sie mich bei Bedarf im Vorfeld darauf an! Selbstverst\u00e4ndlich muss der Kurs unabh\u00e4ngig von der Erstattungsbereitschaft Ihrer Kasse vor Ort bezahlt werden.<\/p>\n","protected":false},"author":2,"featured_media":1586,"menu_order":0,"comment_status":"closed","ping_status":"closed","template":"","meta":{"om_disable_all_campaigns":false,"_monsterinsights_skip_tracking":false,"_monsterinsights_sitenote_active":false,"_monsterinsights_sitenote_note":"","_monsterinsights_sitenote_category":0},"tags":[],"event_type":[],"event_type_2":[],"class_list":["post-1585","ajde_events","type-ajde_events","status-publish","has-post-thumbnail","hentry","event_location-seminarraum-loretto-freiburg","event_organizer-alexander-tschoepe","has-post-title","has-post-date","has-post-category","has-post-tag","has-post-comment","has-post-author",""],"aioseo_notices":[],"_links":{"self":[{"href":"https:\/\/pohltherapie-freiburg.de\/en\/wp-json\/wp\/v2\/ajde_events\/1585","targetHints":{"allow":["GET"]}}],"collection":[{"href":"https:\/\/pohltherapie-freiburg.de\/en\/wp-json\/wp\/v2\/ajde_events"}],"about":[{"href":"https:\/\/pohltherapie-freiburg.de\/en\/wp-json\/wp\/v2\/types\/ajde_events"}],"author":[{"embeddable":true,"href":"https:\/\/pohltherapie-freiburg.de\/en\/wp-json\/wp\/v2\/users\/2"}],"replies":[{"embeddable":true,"href":"https:\/\/pohltherapie-freiburg.de\/en\/wp-json\/wp\/v2\/comments?post=1585"}],"wp:featuredmedia":[{"embeddable":true,"href":"https:\/\/pohltherapie-freiburg.de\/en\/wp-json\/wp\/v2\/media\/1586"}],"wp:attachment":[{"href":"https:\/\/pohltherapie-freiburg.de\/en\/wp-json\/wp\/v2\/media?parent=1585"}],"wp:term":[{"taxonomy":"post_tag","embeddable":true,"href":"https:\/\/pohltherapie-freiburg.de\/en\/wp-json\/wp\/v2\/tags?post=1585"},{"taxonomy":"event_type","embeddable":true,"href":"https:\/\/pohltherapie-freiburg.de\/en\/wp-json\/wp\/v2\/event_type?post=1585"},{"taxonomy":"event_type_2","embeddable":true,"href":"https:\/\/pohltherapie-freiburg.de\/en\/wp-json\/wp\/v2\/event_type_2?post=1585"}],"curies":[{"name":"wp","href":"https:\/\/api.w.org\/{rel}","templated":true}]}}

<h1><strong>Der Kopf und seine Beschwerden, Teil 1</strong></h1>
<h2><strong>Kiefer und Nase</strong></h2>
<p>„Der Kiefer, die Wurzel allen Übels“. Der Kiefer wurde in den letzten Jahren gerne mal als einer der Hauptverursacher für alle möglichen körperlichen Leiden identifiziert bzw. verantwortlich gemacht. Die Erfahrung zeigt, dass dies manchmal stimmen mag, allerdings genauso oft nicht. Oftmals sind die Kieferverspannungen ganz unabhängig von den anderen Leiden vorhanden und tragen lediglich zur Gesamtverspannung des Menschen bei, sind aber nicht wichtiger oder unwichtiger als die anderen.</p>
<p>Allerdings stimmt es, dass sehr viele Menschen mit verspanntem Kiefer herumlaufen. Viele wissen es und merken es bspw. daran, dass sie nachts knirschen und die Zähne abreiben und deshalb eine Schiene tragen müssen. Die Bundeszahnärztekammer hat darauf hingewiesen, dass Zähneknirschen (Bruxismus) in der Bevölkerung zunimmt. Das stellt man besonders bei den 35- bis 45-Jährigen fest, darunter vor allem bei Frauen.</p>
<p>Manche merken es auch an unerklärlichen Zahnschmerzen, wobei die Zahnärzte keine Karies, Parodontose oder ähnliches finden können. Wieder andere haben laute Knirsch- und Knackkgeräusche im Kiefergelenk. Beim gesunden Kiefergelenk gleitet der Gelenkkopf in einer Gelenkpfanne mit einem sich mitbewegenden Polster (Diskus). Doch starke Verspannungen engen den Bewegungsspielraum des Kiefergelenks ein. Folge: Der Diskus verlagert sich ebenfalls, oft hörbar an Knack- und Reibegeräuschen.</p>
<p>Manche haben aus gleichem Grund Schmerzen bei der Bewegung oder ganz allgemein ein Gefühl von Anspannung. Oftmals fingen die Beschwerden nach einer sehr stressigen Lebensphase an oder nach einer langwierigen Zahn-OP. Für nicht wenige gehen mit der Kieferverspannung auch Schwindel, ein Tinnitus oder ähnliche Ohrbeschwerden einher. Dies hängt mir der neuromuskulären Nähe der Kau- und der Ohrmuskeln sowie der direkten Verbindung des Kiefergelenks mit der Wirbelsäule und den Halswirbeln zusammen.</p>
<p>An all diese Menschen richtet sich diese Somatic Unit. In diesem Kurs gehen wir den Ursachen für Kieferverspannungen nach und erlernen eine Reihe von einfachen und mühelosen Übungen und Selbstbehandlungen mit und ohne Geräte, um Erleichterung und mehr Freiheit in den Kiefer zu bekommen. Die Übungen sind leicht zu merken und lassen sich angenehm zuhause durchführen*. Der Kurs findet hauptsächlich auf Matten, also im Liegen und Sitzen statt. Da hierbei absolut <strong>nicht</strong> auf Kräftigung oder Dehnung gesetzt wird, kann wirklich jeder diese Übungen und Selbstbehandlungen lernen und am Kurs teilnehmen. Vorerfahrung ist nicht nötig.</p>
<p>* Wie immer gibt es zum Seminar ein Handout!</p>
<p>Mehr Infos zum Thema finden Sie auf der Seite von Frau Dr. Pohl, z.B. hier: <a href="https://koerpertherapie-zentrum.de/behandelbare-beschwerden/kopf/kieferbeschwerden.html">https://koerpertherapie-zentrum.de/behandelbare-beschwerden/kopf/kieferbeschwerden.html</a></p>
<p>und hier: <a href="https://koerpertherapie-zentrum.de/behandelbare-beschwerden/kopf/nasen-und-nebenhoehlenbeschwerden.html">https://koerpertherapie-zentrum.de/behandelbare-beschwerden/kopf/nasen-und-nebenhoehlenbeschwerden.html</a></p>
<p>Es empfiehlt sich, dicke (Stopper-)Socken, bei Bedarf ein kleines Kissen (falls man nicht gut flach auf dem Boden liegen kann) eine Thermoskanne mit Tee o.ä. und ein Handtuch mitzubringen, das man auf die Matte legen kann.</p>
<p><strong>Ort</strong>: Seminarraum Loretto in der Baslerstrasse 42, 79100 Freiburg. Parkplätze sind in den umliegenden Straßen zu finden. Mit öffentlichen Verkehrsmitteln kann man zum Loretto bis 80m vor den Seminarraum fahren mit der Straßenbahn Linie 5, Haltestelle „Reiterstraße“.</p>
<p><strong>Kosten</strong> betragen für diesen 90-minütigen Kurs 25 Euro (in bar mitzubringen). Bei Buchung beider Kurse an einem Tag sind es nur 45 Euro.*</p>
<p>Die <strong>Anmeldung</strong> zu diesem Seminar erfolgt über das <strong><a href="https://pohltherapie-freiburg.de/aktuelles/anmeldung-fuer-die-kurse-somatic-units/" target="_blank" rel="noopener noreferrer">Kontaktformular (HIER klicken)</a></strong> oder per E-Mail an kontakt@smkt-freiburg.de oder telefonisch unter 0761-45892412. Es gibt nochmals eine gesonderte Einladung per E-Mail ca. 2-3 Wochen vorher. Falls Sie noch nicht im E-Mail-Verteiler sind, schreiben Sie eine Mail an kontakt@smkt-freiburg.de und bitten um Aufnahme.</p>
<p>Mindestteilnehmerzahl ist 8, maximal 25. Anmeldung bitte bis 2 Wochen vorher (später bei genügend Plätzen aber auch problemlos möglich!).</p>
<p>*Es besteht die Möglichkeit für <strong>Privatversicherte</strong> sowie Teilnehmer_innen mit einer <strong>Zusatzversicherung</strong> für alternative Heilverfahren / Heilpraktiker, eine Rechnung nach der Gebührenordnung für Heilpraktiker (GebüH) zu bekommen. Bitte sprechen Sie mich bei Bedarf im Vorfeld darauf an! Selbstverständlich muss der Kurs unabhängig von der Erstattungsbereitschaft Ihrer Kasse vor Ort bezahlt werden.</p>
