{"id":3194,"date":"2023-02-05T11:28:10","date_gmt":"2023-02-05T10:28:10","guid":{"rendered":"https:\/\/pohltherapie-freiburg.de\/events\/kiefer-nacken-tinnitus\/"},"modified":"2023-02-05T22:02:31","modified_gmt":"2023-02-05T21:02:31","slug":"kiefer-nacken-tinnitus","status":"publish","type":"ajde_events","link":"https:\/\/pohltherapie-freiburg.de\/en\/events\/kiefer-nacken-tinnitus\/","title":{"rendered":"Kiefer-Nacken-Tinnitus"},"content":{"rendered":"<h1>Kiefer-Nacken-Tinnitus<\/h1>\n<h2>Zusammenh\u00e4nge begreifen &amp; erleben<\/h2>\n<p><strong>Kiefer<\/strong>beschwerden betreffen sehr viele Menschen. Manche knirschen nachts und tragen Schienen, andere haben seit einer intensiven Zahnbehandlung eine Sperre oder dauernd Schmerzen, teilweise sogar Zahnschmerzen ohne erkennbare Ursache. F\u00fcr viele liegt im Kiefer sogar die Ursache allen seelischen und k\u00f6rperlichen \u00dcbels. Und es stimmt schon, dass wir &#8220;die Z\u00e4hne zusammenbei\u00dfen&#8221; oder uns &#8220;durchbei\u00dfen&#8221;, wenn wir in Stress geraten. Ob jetzt die Spannung vom Stress kommt (die herk\u00f6mmliche Betrachtungsweise) oder der Stress vielleicht auch von der Spannung, sei dahingestellt. Oftmals sind die Kieferverspannungen ganz unabh\u00e4ngig von den anderen Leiden vorhanden und tragen lediglich zur Gesamtverspannung des Menschen bei, sind aber nicht wichtiger oder unwichtiger als die anderen. Eine L\u00f6sung der Kieferspannung geht jedenfalls mit vielen positiven Effekten einher, sogar auch mit einem reduzierten Stressempfinden.<\/p>\n<p><strong>Tinnitus <\/strong>kommt nicht immer nur vom Innenohr oder einer Durchblutungsst\u00f6rung, wie das in der Regel behauptet wird. Oftmals sind es muskul\u00e4re Verspannungen, die den Tinnitus ausl\u00f6sen und aufrechterhalten. Der spannungsbedingte Tinnitus kann nicht nur vom Kiefer kommen, sondern u.a. auch von den <strong>Nacken<\/strong>muskeln, den Ohrmuskeln, den Kopfdrehern, der Kopfhaut selber. Vor einigen Jahren hat Dr. Sturm aus der Eppendorfer Klinik in Hamburg in mehreren Sendungen des \u00f6ffentlich-rechtlichen Rundfunka \u00fcber seine erfolgreichen Erfahrungen mit der Muskel-Behandlung von Tinnituspatienten berichtet.<\/p>\n<p>In diesem Kurs gehen wir den Ursachen f\u00fcr Kieferverspannungen nach und erlernen eine Reihe von einfachen und m\u00fchelosen \u00dcbungen und Selbstbehandlungen mit und ohne Ger\u00e4te, um Erleichterung und mehr Freiheit in den Kiefer zu bekommen. Die \u00dcbungen sind leicht zu merken und lassen sich angenehm zuhause durchf\u00fchren*. Der Kurs findet haupts\u00e4chlich auf Matten, also im Liegen und Sitzen statt. Da hierbei absolut <strong>nicht<\/strong> auf Kr\u00e4ftigung oder Dehnung gesetzt wird, kann wirklich jeder diese \u00dcbungen und Selbstbehandlungen lernen und am Kurs teilnehmen. Vorerfahrung ist nicht n\u00f6tig.<\/p>\n<p>* Wie immer gibt es zum Seminar ein Handout!<\/p>\n<p>Mehr Infos zum Thema finden Sie auf <a href=\"https:\/\/pohltherapie-freiburg.de\/beschwerden\/\">meiner Seite<\/a> sowie der Seite von Frau Dr. Pohl, z.B. hier: <a href=\"https:\/\/pohltherapie.de\/behandelbare-beschwerden\/kopf\/kieferbeschwerden.html\">https:\/\/pohltherapie.de\/behandelbare-beschwerden\/kopf\/kieferbeschwerden.html<\/a><\/p>\n<p>Es empfiehlt sich, dicke (Stopper-)Socken, bei Bedarf ein kleines Kissen (falls man nicht gut flach auf dem Boden liegen kann) eine Thermoskanne mit Tee o.\u00e4. und ein Handtuch mitzubringen, das man auf die Matte legen kann. Da man bei l\u00e4ngerem Liegen trotz Heizung manchmal ausk\u00fchlt, ist auch ein Pulli oder eine Decke nicht verkehrt.<\/p>\n<p><strong>Ort<\/strong>: Steptraum, Industriestr. 41, 79194 Gundelfingen, <a href=\"https:\/\/www.steptraum.de\" target=\"_blank\" rel=\"noopener noreferrer\">https:\/\/www.steptraum.de<\/a><\/p>\n<p>Parkpl\u00e4tze sind sonntags direkt vor der Haust\u00fcr bzw. auf dem Parkplatz des Autohaus Lehmberg nebenan zu finden. Mit \u00f6ffentlichen Verkehrsmitteln kann man die Stra\u00dfenbahn Linie 4 bis Endstation \u201eGundelfinger Stra\u00dfe\u201c nehmen und von dort aus sind es gute 10 Min zu Fu\u00df.<\/p>\n<p><strong>Kosten<\/strong> betragen f\u00fcr diesen Kurs 50 Euro (in bar mitzubringen).*<\/p>\n<p>Die <strong>Anmeldung<\/strong> zu diesem Seminar erfolgt \u00fcber das <strong><a href=\"https:\/\/pohltherapie-freiburg.de\/aktuelles\/anmeldung-fuer-die-kurse-somatic-units\/\" target=\"_blank\" rel=\"noopener noreferrer\">Kontaktformular (HIER klicken)<\/a><\/strong> oder per E-Mail an kontakt@smkt-freiburg.de oder telefonisch unter 0761-45892412. Falls Sie noch nicht im E-Mail-Verteiler sind, schreiben Sie eine Mail an kontakt@smkt-freiburg.de und bitten um Aufnahme.<\/p>\n<p>Mindestteilnehmerzahl ist 8, maximal 18. Anmeldung bitte bis 2 Wochen vorher (sp\u00e4ter bei gen\u00fcgend Pl\u00e4tzen aber auch problemlos m\u00f6glich!).<\/p>\n<p>*Es besteht die M\u00f6glichkeit f\u00fcr\u00a0<strong>Privatversicherte<\/strong>\u00a0sowie Teilnehmer_innen mit einer\u00a0<strong>Zusatzversicherung<\/strong> f\u00fcr alternative Heilverfahren \/ Heilpraktiker, eine Rechnung nach der Geb\u00fchrenordnung f\u00fcr Heilpraktiker (Geb\u00fcH) zu bekommen. Bitte sprechen Sie mich bei Bedarf im Vorfeld darauf an! Selbstverst\u00e4ndlich muss der Kurs unabh\u00e4ngig von der Erstattungsbereitschaft Ihrer Kasse vor Ort bezahlt werden.<\/p>\n<!--themify_builder_content-->\n<div id=\"themify_builder_content-3194\" data-postid=\"3194\" class=\"themify_builder_content themify_builder_content-3194 themify_builder tf_clear\">\n    <\/div>\n<!--\/themify_builder_content-->\n","protected":false},"author":2,"featured_media":3195,"menu_order":0,"comment_status":"closed","ping_status":"closed","template":"","meta":{"om_disable_all_campaigns":false,"_monsterinsights_skip_tracking":false,"_monsterinsights_sitenote_active":false,"_monsterinsights_sitenote_note":"","_monsterinsights_sitenote_category":0},"tags":[74,70,72,73,71,69,75],"event_type":[],"event_type_2":[],"class_list":["post-3194","ajde_events","type-ajde_events","status-publish","has-post-thumbnail","hentry","tag-idiopathisch","tag-kiefer","tag-kieferschmerzen","tag-kiefersperre","tag-nacken","tag-tinnitus","tag-unerklaerlich","event_location-uebungsraum-im-steptraum","event_organizer-alexander-tschoepe","has-post-title","has-post-date","has-post-category","has-post-tag","has-post-comment","has-post-author",""],"aioseo_notices":[],"_links":{"self":[{"href":"https:\/\/pohltherapie-freiburg.de\/en\/wp-json\/wp\/v2\/ajde_events\/3194","targetHints":{"allow":["GET"]}}],"collection":[{"href":"https:\/\/pohltherapie-freiburg.de\/en\/wp-json\/wp\/v2\/ajde_events"}],"about":[{"href":"https:\/\/pohltherapie-freiburg.de\/en\/wp-json\/wp\/v2\/types\/ajde_events"}],"author":[{"embeddable":true,"href":"https:\/\/pohltherapie-freiburg.de\/en\/wp-json\/wp\/v2\/users\/2"}],"replies":[{"embeddable":true,"href":"https:\/\/pohltherapie-freiburg.de\/en\/wp-json\/wp\/v2\/comments?post=3194"}],"wp:featuredmedia":[{"embeddable":true,"href":"https:\/\/pohltherapie-freiburg.de\/en\/wp-json\/wp\/v2\/media\/3195"}],"wp:attachment":[{"href":"https:\/\/pohltherapie-freiburg.de\/en\/wp-json\/wp\/v2\/media?parent=3194"}],"wp:term":[{"taxonomy":"post_tag","embeddable":true,"href":"https:\/\/pohltherapie-freiburg.de\/en\/wp-json\/wp\/v2\/tags?post=3194"},{"taxonomy":"event_type","embeddable":true,"href":"https:\/\/pohltherapie-freiburg.de\/en\/wp-json\/wp\/v2\/event_type?post=3194"},{"taxonomy":"event_type_2","embeddable":true,"href":"https:\/\/pohltherapie-freiburg.de\/en\/wp-json\/wp\/v2\/event_type_2?post=3194"}],"curies":[{"name":"wp","href":"https:\/\/api.w.org\/{rel}","templated":true}]}}

<h1>Kiefer-Nacken-Tinnitus</h1>
<h2>Zusammenhänge begreifen &amp; erleben</h2>
<p><strong>Kiefer</strong>beschwerden betreffen sehr viele Menschen. Manche knirschen nachts und tragen Schienen, andere haben seit einer intensiven Zahnbehandlung eine Sperre oder dauernd Schmerzen, teilweise sogar Zahnschmerzen ohne erkennbare Ursache. Für viele liegt im Kiefer sogar die Ursache allen seelischen und körperlichen Übels. Und es stimmt schon, dass wir &#8220;die Zähne zusammenbeißen&#8221; oder uns &#8220;durchbeißen&#8221;, wenn wir in Stress geraten. Ob jetzt die Spannung vom Stress kommt (die herkömmliche Betrachtungsweise) oder der Stress vielleicht auch von der Spannung, sei dahingestellt. Oftmals sind die Kieferverspannungen ganz unabhängig von den anderen Leiden vorhanden und tragen lediglich zur Gesamtverspannung des Menschen bei, sind aber nicht wichtiger oder unwichtiger als die anderen. Eine Lösung der Kieferspannung geht jedenfalls mit vielen positiven Effekten einher, sogar auch mit einem reduzierten Stressempfinden.</p>
<p><strong>Tinnitus </strong>kommt nicht immer nur vom Innenohr oder einer Durchblutungsstörung, wie das in der Regel behauptet wird. Oftmals sind es muskuläre Verspannungen, die den Tinnitus auslösen und aufrechterhalten. Der spannungsbedingte Tinnitus kann nicht nur vom Kiefer kommen, sondern u.a. auch von den <strong>Nacken</strong>muskeln, den Ohrmuskeln, den Kopfdrehern, der Kopfhaut selber. Vor einigen Jahren hat Dr. Sturm aus der Eppendorfer Klinik in Hamburg in mehreren Sendungen des öffentlich-rechtlichen Rundfunka über seine erfolgreichen Erfahrungen mit der Muskel-Behandlung von Tinnituspatienten berichtet.</p>
<p>In diesem Kurs gehen wir den Ursachen für Kieferverspannungen nach und erlernen eine Reihe von einfachen und mühelosen Übungen und Selbstbehandlungen mit und ohne Geräte, um Erleichterung und mehr Freiheit in den Kiefer zu bekommen. Die Übungen sind leicht zu merken und lassen sich angenehm zuhause durchführen*. Der Kurs findet hauptsächlich auf Matten, also im Liegen und Sitzen statt. Da hierbei absolut <strong>nicht</strong> auf Kräftigung oder Dehnung gesetzt wird, kann wirklich jeder diese Übungen und Selbstbehandlungen lernen und am Kurs teilnehmen. Vorerfahrung ist nicht nötig.</p>
<p>* Wie immer gibt es zum Seminar ein Handout!</p>
<p>Mehr Infos zum Thema finden Sie auf <a href="https://pohltherapie-freiburg.de/beschwerden/">meiner Seite</a> sowie der Seite von Frau Dr. Pohl, z.B. hier: <a href="https://pohltherapie.de/behandelbare-beschwerden/kopf/kieferbeschwerden.html">https://pohltherapie.de/behandelbare-beschwerden/kopf/kieferbeschwerden.html</a></p>
<p>Es empfiehlt sich, dicke (Stopper-)Socken, bei Bedarf ein kleines Kissen (falls man nicht gut flach auf dem Boden liegen kann) eine Thermoskanne mit Tee o.ä. und ein Handtuch mitzubringen, das man auf die Matte legen kann. Da man bei längerem Liegen trotz Heizung manchmal auskühlt, ist auch ein Pulli oder eine Decke nicht verkehrt.</p>
<p><strong>Ort</strong>: Steptraum, Industriestr. 41, 79194 Gundelfingen, <a href="https://www.steptraum.de" target="_blank" rel="noopener noreferrer">https://www.steptraum.de</a></p>
<p>Parkplätze sind sonntags direkt vor der Haustür bzw. auf dem Parkplatz des Autohaus Lehmberg nebenan zu finden. Mit öffentlichen Verkehrsmitteln kann man die Straßenbahn Linie 4 bis Endstation „Gundelfinger Straße“ nehmen und von dort aus sind es gute 10 Min zu Fuß.</p>
<p><strong>Kosten</strong> betragen für diesen Kurs 50 Euro (in bar mitzubringen).*</p>
<p>Die <strong>Anmeldung</strong> zu diesem Seminar erfolgt über das <strong><a href="https://pohltherapie-freiburg.de/aktuelles/anmeldung-fuer-die-kurse-somatic-units/" target="_blank" rel="noopener noreferrer">Kontaktformular (HIER klicken)</a></strong> oder per E-Mail an kontakt@smkt-freiburg.de oder telefonisch unter 0761-45892412. Falls Sie noch nicht im E-Mail-Verteiler sind, schreiben Sie eine Mail an kontakt@smkt-freiburg.de und bitten um Aufnahme.</p>
<p>Mindestteilnehmerzahl ist 8, maximal 18. Anmeldung bitte bis 2 Wochen vorher (später bei genügend Plätzen aber auch problemlos möglich!).</p>
<p>*Es besteht die Möglichkeit für <strong>Privatversicherte</strong> sowie Teilnehmer_innen mit einer <strong>Zusatzversicherung</strong> für alternative Heilverfahren / Heilpraktiker, eine Rechnung nach der Gebührenordnung für Heilpraktiker (GebüH) zu bekommen. Bitte sprechen Sie mich bei Bedarf im Vorfeld darauf an! Selbstverständlich muss der Kurs unabhängig von der Erstattungsbereitschaft Ihrer Kasse vor Ort bezahlt werden.</p>
<!--themify_builder_content-->
<div id="themify_builder_content-3194" data-postid="3194" class="themify_builder_content themify_builder_content-3194 themify_builder tf_clear">
    </div>
<!--/themify_builder_content-->
